{"id":18,"date":"2019-01-29T20:24:45","date_gmt":"2019-01-29T20:24:45","guid":{"rendered":"http:\/\/clint-and-fellas.de\/?page_id=18"},"modified":"2019-01-31T06:23:28","modified_gmt":"2019-01-31T06:23:28","slug":"bandinfo","status":"publish","type":"page","link":"https:\/\/clint-and-fellas.de\/?page_id=18","title":{"rendered":"Bandinfo"},"content":{"rendered":"\n<p>\n\nCLINT AND FELLAS sind ein Power-Trio um S\u00e4nger und Gitarrist Clint, alias Matthias Owerberg.<\/p>\n\n\n\n<p>Ihre Musik interpretiert Texas Blues- und Southern Rock-Klassiker, wobei Ausfl\u00fcge in Funk und Rockabilly oft spontan die Playlist erweitern.<br>Die Presse findet Ausdr\u00fccke wie &#8222;Stetson-Riffs&#8220; oder &#8220; Highway Shuffle&#8220;, um Clint and Fellas&#8216; Live-Musik zu beschreiben.<br>Der Sound zeigt vor jeder B\u00fchne stets Wirkung, ob auf einem BBQ oder im n\u00e4chtlichen Blues-Club. Groove z\u00e4hlt!<\/p>\n\n\n\n<p>Und genau daf\u00fcr fand Clint in Michael Schwarzer einen Drummer, der den St\u00fccken immer die richtige Pr\u00e4zision und Time verleiht.Als Tieft\u00f6ner komplettiert J\u00fcrgen Mallasch die Rhythmusgruppe, der im Raum MK durch seine Gitarrenarbeit bei der Iserlohner Crossover-Cult-Band \u201eTHE RESCUE\u201c in den 80ern + 90ern und zuletzt bei \u201eRed Rooster\u201c aus Hemer den Rockfans noch bestens bekannt sein d\u00fcrfte.<\/p>\n\n\n\n<p>Das Programm besteht aus St\u00fccken von Stevie Ray Vaughan, Jimi Hendrix, ZZ Top, Joe Bonamassa, VDELLI, Freddy King, Gov&#8217;t Mule, Black Crowes, Lance Lopez und vielen mehr.\n\n<\/p>\n","protected":false},"excerpt":{"rendered":"<p>CLINT AND FELLAS sind ein Power-Trio um S\u00e4nger und Gitarrist Clint, alias Matthias Owerberg. Ihre Musik interpretiert Texas Blues- und Southern Rock-Klassiker, wobei Ausfl\u00fcge in Funk und Rockabilly oft spontan die Playlist erweitern.Die Presse findet Ausdr\u00fccke wie &#8222;Stetson-Riffs&#8220; oder &#8220; Highway Shuffle&#8220;, um Clint and Fellas&#8216; Live-Musik zu beschreiben.Der Sound zeigt vor jeder B\u00fchne stets &hellip; <\/p>\n<p class=\"link-more\"><a href=\"https:\/\/clint-and-fellas.de\/?page_id=18\" class=\"more-link\"><span class=\"screen-reader-text\">\u201eBandinfo\u201c<\/span> weiterlesen<\/a><\/p>\n","protected":false},"author":1,"featured_media":0,"parent":0,"menu_order":1,"comment_status":"closed","ping_status":"closed","template":"","meta":{"footnotes":""},"_links":{"self":[{"href":"https:\/\/clint-and-fellas.de\/index.php?rest_route=\/wp\/v2\/pages\/18"}],"collection":[{"href":"https:\/\/clint-and-fellas.de\/index.php?rest_route=\/wp\/v2\/pages"}],"about":[{"href":"https:\/\/clint-and-fellas.de\/index.php?rest_route=\/wp\/v2\/types\/page"}],"author":[{"embeddable":true,"href":"https:\/\/clint-and-fellas.de\/index.php?rest_route=\/wp\/v2\/users\/1"}],"replies":[{"embeddable":true,"href":"https:\/\/clint-and-fellas.de\/index.php?rest_route=%2Fwp%2Fv2%2Fcomments&post=18"}],"version-history":[{"count":2,"href":"https:\/\/clint-and-fellas.de\/index.php?rest_route=\/wp\/v2\/pages\/18\/revisions"}],"predecessor-version":[{"id":110,"href":"https:\/\/clint-and-fellas.de\/index.php?rest_route=\/wp\/v2\/pages\/18\/revisions\/110"}],"wp:attachment":[{"href":"https:\/\/clint-and-fellas.de\/index.php?rest_route=%2Fwp%2Fv2%2Fmedia&parent=18"}],"curies":[{"name":"wp","href":"https:\/\/api.w.org\/{rel}","templated":true}]}}